ose -b - 3 = -1, 3*b = -5*r + 2589. What is the tens digit of r?
1
Suppose 4*d + 3*c - 2439 = 0, -5*d + 3*c + 3069 = -0*d. What is the units digit of d?
2
What is the tens digit of (-6162 - -3)*(-18)/54?
5
Suppose 3*o + 56 = 4*i, -3*o = i + 26 + 35. Let t = 108 + -63. Let q = o + t. What is the tens digit of q?
2
Let j(m) = 2*m + 4. Suppose 0 = 4*g - 7*g + 12. Suppose 16 = 6*l - g*l. What is the units digit of j(l)?
0
Suppose -2*p - 9 - 5 = 4*k, 5*p - 43 = 3*k. What is the tens digit of (670/15)/((-4)/k) - 0?
6
What is the thousands digit of (1 - 55615/5)/((-2)/1)?
5
Let s = -390 + 697. What is the units digit of s?
7
Let y = 26 - 12. Suppose -13*g + y*g = -1. What is the tens digit of (-4 - g) + 0 - -47?
4
Let r(y) = 5*y - 1. Let s be r(1). What is the units digit of ((-624)/(-5))/s + (-6)/30?
1
What is the hundreds digit of (-16092)/(-48) - (-5)/(-4)?
3
Let k(r) = r**2 + 4*r + 5. Let u be k(-5). Suppose 8*g = 3*g + u. Suppose g*c - 9 = 61. What is the tens digit of c?
3
Let r(w) = -3*w**3 - 26*w**2 - 16*w - 59. What is the tens digit of r(-14)?
0
Let k = 4011 - 2541. What is the units digit of k?
0
Suppose -3*c + 113 = -115. Suppose v + 4*i - 37 = 0, 2*i = -4*v + 2 + c. What is the tens digit of v?
1
Let k be (-1)/(-6) - (-6193)/66. Let q = k - 50. What is the tens digit of q?
4
Let v be 6/(-14) + (-330)/(-35). Let k be 42 - -5 - v/3. Suppose 4*r = 8*r - k. What is the tens digit of r?
1
Let v be (-2)/(-16)*398 + 2/8. Suppose -3*c + 7*c = -z + v, -4*c + 260 = 4*z. What is the units digit of z?
0
Suppose 10 = 3*g - 2. Suppose g*j + 38 = 6*j. Suppose f - 9 = j. What is the units digit of f?
8
Let b(z) = -6*z**3 - 6*z**2 + 4*z + 6. Let y be b(-5). Suppose -2*r = 3*w - 280, -4*r - 26 + y = -w. What is the units digit of r?
0
Let v = -74 - -83. Suppose 152 + 1261 = v*o. What is the tens digit of o?
5
Let q(m) = 22*m**2 - 5*m + 3. Let i be q(3). Suppose 5*c = 264 + i. Suppose -3*j + 5*w = 4*w - 127, -2*w = -2*j + c. What is the units digit of j?
1
Let b = 3185 + -1894. What is the hundreds digit of b?
2
Let g = -97 + 186. What is the tens digit of g?
8
Let o = -250 - -282. Suppose 0*v + 4*v = 0, -4*v = 4*b. Suppose 3*k - 2*k - o = b. What is the units digit of k?
2
Let p(b) = b**3 + 5*b**2 + 25*b - 83. What is the hundreds digit of p(7)?
6
Let v(f) = -3*f + 18. Let w be v(5). What is the units digit of ((-3)/1)/(w/(-107)) + 3?
0
Suppose -2*r = -6 - 10. Suppose 3*s + 53 - r = k, -k = -s - 43. Let v = 84 - k. What is the tens digit of v?
4
Let j(g) be the second derivative of -g**3/6 - g**2 + 12*g. Let u be j(-4). Suppose 204 = y + u*y. What is the tens digit of y?
6
Let z be (-1 - 13) + (4 - (-3 - -5)). What is the hundreds digit of ((-102)/z - 7)*(-428)/(-6)?
1
Suppose 0 = 6*q - 9*q + 18. Let p be q*((-2)/4 + 2). What is the units digit of (-2 + -2)*p/(-12)?
3
Suppose 2*n = -6, -4*c + 6049 = -2*n - 1405. What is the thousands digit of c?
1
Suppose 0 = 5*p + 5*y + 3080, 537 = -p - 3*y - 75. Let j be (-1)/(-3) + p/(-9). Let u = 100 - j. What is the tens digit of u?
3
Let s = 777 - 91. What is the tens digit of s?
8
Let w(b) be the first derivative of 2/3*b**3 + 4*b**2 - 6*b + 5. What is the units digit of w(-6)?
8
Let l(v) = v**3 - 21*v**2 - 8*v + 21. Let d(x) = 2*x**3 - 41*x**2 - 17*x + 42. Let a(k) = 4*d(k) - 7*l(k). What is the units digit of a(18)?
9
Suppose -4*h - 10 = h. Let x = h - -25. What is the units digit of x?
3
Suppose 152 = 4*x + 116. Suppose -3*n + x*n - 1404 = 0. What is the units digit of n?
4
Suppose -2*s - 155 = -7*s. Let l be ((-12)/(-18))/(2/165). Let x = l - s. What is the units digit of x?
4
Suppose -4*p + j = -9, 0 = 2*j + 2*j + 4. Suppose -5*h + 492 = n, h - p*h + 4*n = -90. What is the units digit of h?
8
Suppose -5*v - 5*n = -12 - 23, 2*n - 26 = -5*v. Suppose -v*q = -14 + 6. Suppose r = 5*g - 116, -q*g + 53 = -4*r + 3. What is the units digit of g?
3
Suppose -5*r = -b + 257, -5*b - 3*r = -r - 1231. What is the hundreds digit of b?
2
Let q be -4 + (7 - (-2)/(-1)). What is the tens digit of q/(1/(-55))*-1 + -2?
5
Let d be (40/(-14))/((-4)/14) + -1. Suppose -14*w + 405 = -d*w. What is the tens digit of w?
8
Let z = -11 + 15. Let j(o) = o**3 - 4*o**2 - o + 3. Let h be j(z). What is the tens digit of (h/(-3) - -3)*9?
3
Suppose 68*r - 105604 = 34*r. What is the hundreds digit of r?
1
Let w be (-1)/(-5*(-3)/15). What is the units digit of 2 + ((-2)/w - -137)?
1
Let u(k) be the third derivative of k**7/1260 - k**6/180 + k**5/12 - k**4/8 + 5*k**2. Let z(l) be the second derivative of u(l). What is the tens digit of z(5)?
4
Suppose -4*v - 4 = 2*b - 10, -3*v + b - 3 = 0. What is the units digit of (-73)/((v - 5)/5)?
3
Suppose -15*a - 9258 = -18*a + k, a - 3078 = 3*k. What is the thousands digit of a?
3
Let w = 83 - 75. What is the units digit of w/6*201/4?
7
Let d = 48 - 0. Let t = 115 - d. What is the units digit of t?
7
Suppose 3*d + 2*i = -5 - 2, -5*i = 3*d + 13. Let g(p) be the first derivative of -27*p**2/2 - p - 7. What is the units digit of g(d)?
6
What is the hundreds digit of (80/(-70) - (-82596)/(-28))/(-1)?
9
Let l = 11 + -4. Let y be (-14)/49 - (-282)/l. Suppose -5*s - y = -4*q, 2 + 9 = q - s. What is the units digit of q?
5
Suppose 2*f + 33 = 449. Let z = f - 105. What is the hundreds digit of z?
1
Suppose h - 3 = -5*j, 4*h = -0*h - j + 12. Suppose 8 = -h*x - 1, 4*w = -4*x + 124. Let i = -21 + w. What is the units digit of i?
3
Let m be 2 + 27/6*(-10)/(-15). Let h(y) = 5*y**2 + 19*y - 10. What is the hundreds digit of h(m)?
2
Let y(p) = p + 19. Let h be y(12). Suppose -4*f = -4*j - 13 - h, 4*f - 59 = j. Let c = 31 - f. What is the tens digit of c?
1
What is the units digit of (96/(-14))/(771/(-154) - -5)?
6
Let p(j) = 12*j**3 - j**2 + j - 4. Let c be 2/(-8) - (-81)/36. What is the tens digit of p(c)?
9
Let a(d) = 4*d**2 + 9*d - 31. What is the units digit of a(8)?
7
Let w = 9 - 1. Suppose -w*v + 7*v + 62 = 0. What is the units digit of v?
2
Let s(v) = 145*v**2 + 5*v + 4. What is the units digit of s(-1)?
4
Suppose 2 + 2 = o. Suppose 2*j - 8 = 0, 5*n - n + o*j - 124 = 0. Suppose -n = 2*g - 3*g. What is the tens digit of g?
2
Let b(y) = y**2 + 6*y + 5. Let a be b(-13). Let c = a + 90. What is the tens digit of c?
8
Suppose -5 = 4*h + 3*n - 0, h - n + 10 = 0. What is the units digit of 1*1/h + 11/5?
2
Let h be 26/8 + 6/8. Suppose -h*j - 226 = -3*u, -2*u = j - 42 - 127. What is the units digit of u?
2
Let j(m) = 52*m - 1 + 0 + 7*m + 9*m. Let c be j(2). Suppose -w + c = 2*w. What is the units digit of w?
5
Let d = 23 + 713. What is the hundreds digit of d?
7
Suppose 31*i - 3686 = 16371. What is the tens digit of i?
4
Let d = -28 + 27. Let m(w) = -58*w**3 - w**2 - 2*w - 1. What is the units digit of m(d)?
8
Suppose 5*d - 11 = -2*k, 9 = -4*k + 1. Suppose -d*y = -8*y + 10. Suppose -r = -4*r - o + 6, r + o = y. What is the units digit of r?
2
Suppose 0*r + 3*r + 1030 = -5*d, -d = 5*r + 206. Let g = -115 - d. What is the tens digit of g?
9
Let c(n) = 2*n**2 + 35*n - 53. What is the tens digit of c(-33)?
7
Let a(n) = 16*n - 2. Suppose -3*q - 2 = 2*x, 3 - 21 = -5*x + 4*q. What is the tens digit of a(x)?
3
Let g be (-27)/2 + (-7)/14. Let v = g - -53. Suppose q = -q - 4*k + 72, -q = 3*k - v. What is the units digit of q?
0
Let l = -617 - -1141. Suppose 0 = 5*j - 186 - l. What is the hundreds digit of j?
1
Let z = 90 + 27. Let v = z + -40. What is the units digit of v?
7
Let f(j) = j**2 + 4*j + 4. Let l be f(0). Suppose 2*z - 1354 = -l*s, 2*z = 5*s - 0*z - 1706. What is the tens digit of s?
4
Let n(h) be the second derivative of 3*h**4/4 - h**3/6 + 5*h**2 - 14*h. What is the tens digit of n(-3)?
9
Let w = 18 - 12. Suppose -5*j + w = -4. Suppose 12 = j*c - 38. What is the tens digit of c?
2
Let u(j) = j**2 + 17*j + 4. Let h be u(5). Suppose 549 + h = 3*a. What is the tens digit of a?
2
What is the units digit of 1/((-2)/(-4))*347/2?
7
Suppose -6*y = -2*y - 16. Suppose -5*o + 13 = -3*u + y, -8 = -4*u. Suppose -o*m + 10 = 4*c - 2*c, 12 = -3*m. What is the units digit of c?
1
Let m(i) = -i**3 - 5*i**2 - 4*i + 1. Let w be m(-3). Suppose -6 + 42 = -9*h. Let r = h - w. What is the units digit of r?
1
Let r = 531 - 217. What is the hundreds digit of r?
3
Let v(o) = -o**3 - 14*o**2 - 11*o + 30. Let b be v(-13). Let d = 12 + 1. Let y = b +